{"id":39346,"date":"2025-12-15T17:53:38","date_gmt":"2025-12-15T17:53:38","guid":{"rendered":"https:\/\/museuarmandodelimauchoa.novaesperanca.pr.gov.br\/?post_type=tnc_col_31256_item&#038;p=39346"},"modified":"2025-12-15T17:55:29","modified_gmt":"2025-12-15T17:55:29","slug":"casal-de-agricultores","status":"publish","type":"tnc_col_31256_item","link":"https:\/\/museuarmandodelimauchoa.novaesperanca.pr.gov.br\/index.php\/fotos-antigas\/casal-de-agricultores\/","title":{"rendered":"Casal de agricultores"},"content":{"rendered":"<p>Casal de agricultores posa para foto hist\u00f3rica, tendo ao fundo lavoura de caf\u00e9. Com a forte geada de 1975, a cultura cafeeira foi aos poucos sendo substitu\u00edda.<\/p>\n","protected":false},"featured_media":39347,"parent":0,"menu_order":0,"comment_status":"closed","ping_status":"closed","template":"","format":"standard","class_list":["post-39346","tnc_col_31256_item","type-tnc_col_31256_item","status-publish","format-standard","has-post-thumbnail","hentry","tainacan-item-single-page"],"blocksy_meta":[],"_links":{"self":[{"href":"https:\/\/museuarmandodelimauchoa.novaesperanca.pr.gov.br\/index.php\/wp-json\/wp\/v2\/tnc_col_31256_item\/39346","targetHints":{"allow":["GET"]}}],"collection":[{"href":"https:\/\/museuarmandodelimauchoa.novaesperanca.pr.gov.br\/index.php\/wp-json\/wp\/v2\/tnc_col_31256_item"}],"about":[{"href":"https:\/\/museuarmandodelimauchoa.novaesperanca.pr.gov.br\/index.php\/wp-json\/wp\/v2\/types\/tnc_col_31256_item"}],"replies":[{"embeddable":true,"href":"https:\/\/museuarmandodelimauchoa.novaesperanca.pr.gov.br\/index.php\/wp-json\/wp\/v2\/comments?post=39346"}],"version-history":[{"count":1,"href":"https:\/\/museuarmandodelimauchoa.novaesperanca.pr.gov.br\/index.php\/wp-json\/wp\/v2\/tnc_col_31256_item\/39346\/revisions"}],"predecessor-version":[{"id":39360,"href":"https:\/\/museuarmandodelimauchoa.novaesperanca.pr.gov.br\/index.php\/wp-json\/wp\/v2\/tnc_col_31256_item\/39346\/revisions\/39360"}],"wp:featuredmedia":[{"embeddable":true,"href":"https:\/\/museuarmandodelimauchoa.novaesperanca.pr.gov.br\/index.php\/wp-json\/wp\/v2\/media\/39347"}],"wp:attachment":[{"href":"https:\/\/museuarmandodelimauchoa.novaesperanca.pr.gov.br\/index.php\/wp-json\/wp\/v2\/media?parent=39346"}],"curies":[{"name":"wp","href":"https:\/\/api.w.org\/{rel}","templated":true}]}}

<p>Casal de agricultores posa para foto histórica, tendo ao fundo lavoura de café. Com a forte geada de 1975, a cultura cafeeira foi aos poucos sendo substituída.</p>
