{"id":36231,"date":"2025-12-01T14:01:06","date_gmt":"2025-12-01T14:01:06","guid":{"rendered":"https:\/\/museuarmandodelimauchoa.novaesperanca.pr.gov.br\/?post_type=tnc_col_31256_item&#038;p=36231"},"modified":"2025-12-01T14:08:03","modified_gmt":"2025-12-01T14:08:03","slug":"exposicao-no-salao-paroquial","status":"publish","type":"tnc_col_31256_item","link":"https:\/\/museuarmandodelimauchoa.novaesperanca.pr.gov.br\/index.php\/fotos-antigas\/exposicao-no-salao-paroquial\/","title":{"rendered":"Exposi\u00e7\u00e3o no Sal\u00e3o Paroquial"},"content":{"rendered":"","protected":false},"featured_media":36232,"parent":0,"menu_order":0,"comment_status":"closed","ping_status":"closed","template":"","format":"standard","class_list":["post-36231","tnc_col_31256_item","type-tnc_col_31256_item","status-publish","format-standard","has-post-thumbnail","hentry","tainacan-item-single-page"],"blocksy_meta":[],"_links":{"self":[{"href":"https:\/\/museuarmandodelimauchoa.novaesperanca.pr.gov.br\/index.php\/wp-json\/wp\/v2\/tnc_col_31256_item\/36231","targetHints":{"allow":["GET"]}}],"collection":[{"href":"https:\/\/museuarmandodelimauchoa.novaesperanca.pr.gov.br\/index.php\/wp-json\/wp\/v2\/tnc_col_31256_item"}],"about":[{"href":"https:\/\/museuarmandodelimauchoa.novaesperanca.pr.gov.br\/index.php\/wp-json\/wp\/v2\/types\/tnc_col_31256_item"}],"replies":[{"embeddable":true,"href":"https:\/\/museuarmandodelimauchoa.novaesperanca.pr.gov.br\/index.php\/wp-json\/wp\/v2\/comments?post=36231"}],"version-history":[{"count":1,"href":"https:\/\/museuarmandodelimauchoa.novaesperanca.pr.gov.br\/index.php\/wp-json\/wp\/v2\/tnc_col_31256_item\/36231\/revisions"}],"predecessor-version":[{"id":36241,"href":"https:\/\/museuarmandodelimauchoa.novaesperanca.pr.gov.br\/index.php\/wp-json\/wp\/v2\/tnc_col_31256_item\/36231\/revisions\/36241"}],"wp:featuredmedia":[{"embeddable":true,"href":"https:\/\/museuarmandodelimauchoa.novaesperanca.pr.gov.br\/index.php\/wp-json\/wp\/v2\/media\/36232"}],"wp:attachment":[{"href":"https:\/\/museuarmandodelimauchoa.novaesperanca.pr.gov.br\/index.php\/wp-json\/wp\/v2\/media?parent=36231"}],"curies":[{"name":"wp","href":"https:\/\/api.w.org\/{rel}","templated":true}]}}

Exposição no Salão Paroquial
