{"id":25774,"date":"2025-10-22T11:41:09","date_gmt":"2025-10-22T11:41:09","guid":{"rendered":"https:\/\/museuarmandodelimauchoa.novaesperanca.pr.gov.br\/?post_type=tnc_col_17880_item&#038;p=25774"},"modified":"2025-10-22T11:47:10","modified_gmt":"2025-10-22T11:47:10","slug":"tela-lugarejo","status":"publish","type":"tnc_col_17880_item","link":"https:\/\/museuarmandodelimauchoa.novaesperanca.pr.gov.br\/index.php\/objetos\/tela-lugarejo\/","title":{"rendered":"Tela Lugarejo."},"content":{"rendered":"<p>Acervo particular, obra criada especialmente para a galeria de artistas no gabinete do prefeito. Esteve em exposi\u00e7\u00e3o na casa da cultura. Cores suaves e alegres. A t\u00e9cnica aplicada remete ao estilo impressionista, a obra retrata uma paisagem cotidiana de vida simples do interior.<\/p>\n","protected":false},"featured_media":25808,"parent":0,"menu_order":0,"comment_status":"closed","ping_status":"closed","template":"","format":"standard","class_list":["post-25774","tnc_col_17880_item","type-tnc_col_17880_item","status-publish","format-standard","has-post-thumbnail","hentry","tnc_tax_17751-localizado","tainacan-item-single-page"],"blocksy_meta":[],"_links":{"self":[{"href":"https:\/\/museuarmandodelimauchoa.novaesperanca.pr.gov.br\/index.php\/wp-json\/wp\/v2\/tnc_col_17880_item\/25774","targetHints":{"allow":["GET"]}}],"collection":[{"href":"https:\/\/museuarmandodelimauchoa.novaesperanca.pr.gov.br\/index.php\/wp-json\/wp\/v2\/tnc_col_17880_item"}],"about":[{"href":"https:\/\/museuarmandodelimauchoa.novaesperanca.pr.gov.br\/index.php\/wp-json\/wp\/v2\/types\/tnc_col_17880_item"}],"replies":[{"embeddable":true,"href":"https:\/\/museuarmandodelimauchoa.novaesperanca.pr.gov.br\/index.php\/wp-json\/wp\/v2\/comments?post=25774"}],"version-history":[{"count":1,"href":"https:\/\/museuarmandodelimauchoa.novaesperanca.pr.gov.br\/index.php\/wp-json\/wp\/v2\/tnc_col_17880_item\/25774\/revisions"}],"predecessor-version":[{"id":25810,"href":"https:\/\/museuarmandodelimauchoa.novaesperanca.pr.gov.br\/index.php\/wp-json\/wp\/v2\/tnc_col_17880_item\/25774\/revisions\/25810"}],"wp:featuredmedia":[{"embeddable":true,"href":"https:\/\/museuarmandodelimauchoa.novaesperanca.pr.gov.br\/index.php\/wp-json\/wp\/v2\/media\/25808"}],"wp:attachment":[{"href":"https:\/\/museuarmandodelimauchoa.novaesperanca.pr.gov.br\/index.php\/wp-json\/wp\/v2\/media?parent=25774"}],"curies":[{"name":"wp","href":"https:\/\/api.w.org\/{rel}","templated":true}]}}

<p>Acervo particular, obra criada especialmente para a galeria de artistas no gabinete do prefeito. Esteve em exposição na casa da cultura. Cores suaves e alegres. A técnica aplicada remete ao estilo impressionista, a obra retrata uma paisagem cotidiana de vida simples do interior.</p>
