{"id":25085,"date":"2025-10-21T12:22:16","date_gmt":"2025-10-21T12:22:16","guid":{"rendered":"https:\/\/museuarmandodelimauchoa.novaesperanca.pr.gov.br\/?post_type=tnc_col_17880_item&#038;p=25085"},"modified":"2025-10-21T12:27:21","modified_gmt":"2025-10-21T12:27:21","slug":"pao-de-acucar","status":"publish","type":"tnc_col_17880_item","link":"https:\/\/museuarmandodelimauchoa.novaesperanca.pr.gov.br\/index.php\/objetos\/pao-de-acucar\/","title":{"rendered":"P\u00e3o de A\u00e7\u00facar."},"content":{"rendered":"<p>Acervo particular. Cores fortes e vibrantes, pintura representativa do P\u00e3o de A\u00e7\u00facar no Rio de Janeiro.<\/p>\n","protected":false},"featured_media":25117,"parent":0,"menu_order":0,"comment_status":"closed","ping_status":"closed","template":"","format":"standard","class_list":["post-25085","tnc_col_17880_item","type-tnc_col_17880_item","status-publish","format-standard","has-post-thumbnail","hentry","tnc_tax_17751-localizado","tainacan-item-single-page"],"blocksy_meta":[],"_links":{"self":[{"href":"https:\/\/museuarmandodelimauchoa.novaesperanca.pr.gov.br\/index.php\/wp-json\/wp\/v2\/tnc_col_17880_item\/25085","targetHints":{"allow":["GET"]}}],"collection":[{"href":"https:\/\/museuarmandodelimauchoa.novaesperanca.pr.gov.br\/index.php\/wp-json\/wp\/v2\/tnc_col_17880_item"}],"about":[{"href":"https:\/\/museuarmandodelimauchoa.novaesperanca.pr.gov.br\/index.php\/wp-json\/wp\/v2\/types\/tnc_col_17880_item"}],"replies":[{"embeddable":true,"href":"https:\/\/museuarmandodelimauchoa.novaesperanca.pr.gov.br\/index.php\/wp-json\/wp\/v2\/comments?post=25085"}],"version-history":[{"count":1,"href":"https:\/\/museuarmandodelimauchoa.novaesperanca.pr.gov.br\/index.php\/wp-json\/wp\/v2\/tnc_col_17880_item\/25085\/revisions"}],"predecessor-version":[{"id":25119,"href":"https:\/\/museuarmandodelimauchoa.novaesperanca.pr.gov.br\/index.php\/wp-json\/wp\/v2\/tnc_col_17880_item\/25085\/revisions\/25119"}],"wp:featuredmedia":[{"embeddable":true,"href":"https:\/\/museuarmandodelimauchoa.novaesperanca.pr.gov.br\/index.php\/wp-json\/wp\/v2\/media\/25117"}],"wp:attachment":[{"href":"https:\/\/museuarmandodelimauchoa.novaesperanca.pr.gov.br\/index.php\/wp-json\/wp\/v2\/media?parent=25085"}],"curies":[{"name":"wp","href":"https:\/\/api.w.org\/{rel}","templated":true}]}}

Pão de Açúcar.

<p>Acervo particular. Cores fortes e vibrantes, pintura representativa do Pão de Açúcar no Rio de Janeiro.</p>
