{"id":22995,"date":"2025-10-16T11:51:04","date_gmt":"2025-10-16T11:51:04","guid":{"rendered":"https:\/\/museuarmandodelimauchoa.novaesperanca.pr.gov.br\/?post_type=tnc_col_17880_item&#038;p=22995"},"modified":"2025-11-04T11:55:29","modified_gmt":"2025-11-04T11:55:29","slug":"tela-bandeirantes-com-os-indios","status":"publish","type":"tnc_col_17880_item","link":"https:\/\/museuarmandodelimauchoa.novaesperanca.pr.gov.br\/index.php\/objetos\/tela-bandeirantes-com-os-indios\/","title":{"rendered":"Tela &#8211; Bandeirantes com os \u00cdndios."},"content":{"rendered":"<p>Releitura. Instituto Hist\u00f3rico e Cultural de Arceburgo &#8211; MG. T\u00e9cnica: Acr\u00edlico sobre Tela &#8211; Expressionismo.<\/p>\n","protected":false},"featured_media":23035,"parent":0,"menu_order":0,"comment_status":"closed","ping_status":"closed","template":"","format":"standard","class_list":["post-22995","tnc_col_17880_item","type-tnc_col_17880_item","status-publish","format-standard","has-post-thumbnail","hentry","tnc_tax_17751-localizado","tainacan-item-single-page"],"blocksy_meta":[],"_links":{"self":[{"href":"https:\/\/museuarmandodelimauchoa.novaesperanca.pr.gov.br\/index.php\/wp-json\/wp\/v2\/tnc_col_17880_item\/22995","targetHints":{"allow":["GET"]}}],"collection":[{"href":"https:\/\/museuarmandodelimauchoa.novaesperanca.pr.gov.br\/index.php\/wp-json\/wp\/v2\/tnc_col_17880_item"}],"about":[{"href":"https:\/\/museuarmandodelimauchoa.novaesperanca.pr.gov.br\/index.php\/wp-json\/wp\/v2\/types\/tnc_col_17880_item"}],"replies":[{"embeddable":true,"href":"https:\/\/museuarmandodelimauchoa.novaesperanca.pr.gov.br\/index.php\/wp-json\/wp\/v2\/comments?post=22995"}],"version-history":[{"count":1,"href":"https:\/\/museuarmandodelimauchoa.novaesperanca.pr.gov.br\/index.php\/wp-json\/wp\/v2\/tnc_col_17880_item\/22995\/revisions"}],"predecessor-version":[{"id":23037,"href":"https:\/\/museuarmandodelimauchoa.novaesperanca.pr.gov.br\/index.php\/wp-json\/wp\/v2\/tnc_col_17880_item\/22995\/revisions\/23037"}],"wp:featuredmedia":[{"embeddable":true,"href":"https:\/\/museuarmandodelimauchoa.novaesperanca.pr.gov.br\/index.php\/wp-json\/wp\/v2\/media\/23035"}],"wp:attachment":[{"href":"https:\/\/museuarmandodelimauchoa.novaesperanca.pr.gov.br\/index.php\/wp-json\/wp\/v2\/media?parent=22995"}],"curies":[{"name":"wp","href":"https:\/\/api.w.org\/{rel}","templated":true}]}}

Tela &#8211; Bandeirantes com os Índios.

<p>Releitura. Instituto Histórico e Cultural de Arceburgo &#8211; MG. Técnica: Acrílico sobre Tela &#8211; Expressionismo.</p>
