{"id":22725,"date":"2025-10-14T13:27:54","date_gmt":"2025-10-14T13:27:54","guid":{"rendered":"https:\/\/museuarmandodelimauchoa.novaesperanca.pr.gov.br\/?post_type=tnc_col_17880_item&#038;p=22725"},"modified":"2025-10-14T13:43:55","modified_gmt":"2025-10-14T13:43:55","slug":"quadro-foto-vista-aerea-2","status":"publish","type":"tnc_col_17880_item","link":"https:\/\/museuarmandodelimauchoa.novaesperanca.pr.gov.br\/index.php\/objetos\/quadro-foto-vista-aerea-2\/","title":{"rendered":"Quadro Foto Vista A\u00e9rea."},"content":{"rendered":"<p>Quadro de Foto Vista A\u00e9rea da cidade de Nova Esperan\u00e7a da D\u00e9cada<br \/>\nde 1980, retratando a Escola Polivalente 2\u00baGr\u00e1u. Gest\u00e3o Administra\u00e7\u00e3o Dr. Severino Ramos Bezerra.<\/p>\n","protected":false},"featured_media":22769,"parent":0,"menu_order":0,"comment_status":"closed","ping_status":"closed","template":"","format":"standard","class_list":["post-22725","tnc_col_17880_item","type-tnc_col_17880_item","status-publish","format-standard","has-post-thumbnail","hentry","tnc_tax_17751-localizado","tainacan-item-single-page"],"blocksy_meta":[],"_links":{"self":[{"href":"https:\/\/museuarmandodelimauchoa.novaesperanca.pr.gov.br\/index.php\/wp-json\/wp\/v2\/tnc_col_17880_item\/22725","targetHints":{"allow":["GET"]}}],"collection":[{"href":"https:\/\/museuarmandodelimauchoa.novaesperanca.pr.gov.br\/index.php\/wp-json\/wp\/v2\/tnc_col_17880_item"}],"about":[{"href":"https:\/\/museuarmandodelimauchoa.novaesperanca.pr.gov.br\/index.php\/wp-json\/wp\/v2\/types\/tnc_col_17880_item"}],"replies":[{"embeddable":true,"href":"https:\/\/museuarmandodelimauchoa.novaesperanca.pr.gov.br\/index.php\/wp-json\/wp\/v2\/comments?post=22725"}],"version-history":[{"count":1,"href":"https:\/\/museuarmandodelimauchoa.novaesperanca.pr.gov.br\/index.php\/wp-json\/wp\/v2\/tnc_col_17880_item\/22725\/revisions"}],"predecessor-version":[{"id":22771,"href":"https:\/\/museuarmandodelimauchoa.novaesperanca.pr.gov.br\/index.php\/wp-json\/wp\/v2\/tnc_col_17880_item\/22725\/revisions\/22771"}],"wp:featuredmedia":[{"embeddable":true,"href":"https:\/\/museuarmandodelimauchoa.novaesperanca.pr.gov.br\/index.php\/wp-json\/wp\/v2\/media\/22769"}],"wp:attachment":[{"href":"https:\/\/museuarmandodelimauchoa.novaesperanca.pr.gov.br\/index.php\/wp-json\/wp\/v2\/media?parent=22725"}],"curies":[{"name":"wp","href":"https:\/\/api.w.org\/{rel}","templated":true}]}}

Quadro Foto Vista Aérea.

<p>Quadro de Foto Vista Aérea da cidade de Nova Esperança da Década<br />
de 1980, retratando a Escola Polivalente 2ºGráu. Gestão Administração Dr. Severino Ramos Bezerra.</p>
