{"id":22489,"date":"2025-10-14T12:18:46","date_gmt":"2025-10-14T12:18:46","guid":{"rendered":"https:\/\/museuarmandodelimauchoa.novaesperanca.pr.gov.br\/?post_type=tnc_col_17880_item&#038;p=22489"},"modified":"2025-10-14T12:28:20","modified_gmt":"2025-10-14T12:28:20","slug":"pa-de-beiju","status":"publish","type":"tnc_col_17880_item","link":"https:\/\/museuarmandodelimauchoa.novaesperanca.pr.gov.br\/index.php\/objetos\/pa-de-beiju\/","title":{"rendered":"P\u00e1 de Beij\u00fa."},"content":{"rendered":"<p>Pe\u00e7a doada por Ednelson Sambini, fazia parte de seu acervo pessoal.<\/p>\n","protected":false},"featured_media":22527,"parent":0,"menu_order":0,"comment_status":"closed","ping_status":"closed","template":"","format":"standard","class_list":["post-22489","tnc_col_17880_item","type-tnc_col_17880_item","status-publish","format-standard","has-post-thumbnail","hentry","tnc_tax_17751-localizado","tainacan-item-single-page"],"blocksy_meta":[],"_links":{"self":[{"href":"https:\/\/museuarmandodelimauchoa.novaesperanca.pr.gov.br\/index.php\/wp-json\/wp\/v2\/tnc_col_17880_item\/22489","targetHints":{"allow":["GET"]}}],"collection":[{"href":"https:\/\/museuarmandodelimauchoa.novaesperanca.pr.gov.br\/index.php\/wp-json\/wp\/v2\/tnc_col_17880_item"}],"about":[{"href":"https:\/\/museuarmandodelimauchoa.novaesperanca.pr.gov.br\/index.php\/wp-json\/wp\/v2\/types\/tnc_col_17880_item"}],"replies":[{"embeddable":true,"href":"https:\/\/museuarmandodelimauchoa.novaesperanca.pr.gov.br\/index.php\/wp-json\/wp\/v2\/comments?post=22489"}],"version-history":[{"count":1,"href":"https:\/\/museuarmandodelimauchoa.novaesperanca.pr.gov.br\/index.php\/wp-json\/wp\/v2\/tnc_col_17880_item\/22489\/revisions"}],"predecessor-version":[{"id":22529,"href":"https:\/\/museuarmandodelimauchoa.novaesperanca.pr.gov.br\/index.php\/wp-json\/wp\/v2\/tnc_col_17880_item\/22489\/revisions\/22529"}],"wp:featuredmedia":[{"embeddable":true,"href":"https:\/\/museuarmandodelimauchoa.novaesperanca.pr.gov.br\/index.php\/wp-json\/wp\/v2\/media\/22527"}],"wp:attachment":[{"href":"https:\/\/museuarmandodelimauchoa.novaesperanca.pr.gov.br\/index.php\/wp-json\/wp\/v2\/media?parent=22489"}],"curies":[{"name":"wp","href":"https:\/\/api.w.org\/{rel}","templated":true}]}}

Pá de Beijú.

<p>Peça doada por Ednelson Sambini, fazia parte de seu acervo pessoal.</p>
